s 13747789 a prime number?
False
Is 13663609 prime?
True
Is 7127251 a composite number?
False
Is 2453147 prime?
False
Is 161502923 a prime number?
False
Is 829949 a prime number?
True
Is 140466437 a composite number?
False
Is 1111151 prime?
True
Is 440807 a composite number?
False
Is 219815021 composite?
False
Is 16146773 prime?
True
Is 4862383 prime?
False
Is 1211027 composite?
False
Is 2124373 composite?
True
Is 18893947 a composite number?
False
Is 16808677 composite?
False
Is 654063 a prime number?
False
Is 6636323 composite?
True
Is 5136067 prime?
True
Is 4274201 a composite number?
False
Is 318179369 composite?
False
Is 201591361 prime?
True
Is 2574107 a composite number?
True
Is 6730426 a composite number?
True
Is 8230715 prime?
False
Is 737833 composite?
True
Is 170881 prime?
True
Is 6832985 a prime number?
False
Is 12000353 a composite number?
False
Is 2011951 composite?
False
Is 8203966 a prime number?
False
Is 483105463 composite?
False
Is 54988987 composite?
True
Is 2247659 a prime number?
True
Is 21533069 a composite number?
True
Is 52480741 a composite number?
False
Is 56915723 composite?
False
Is 3697429 composite?
False
Is 3345841 composite?
False
Is 258629 a prime number?
False
Is 1125407 prime?
True
Is 11140847 composite?
True
Is 962893 a prime number?
False
Is 21190901 a prime number?
True
Is 102757 prime?
False
Is 212317298 a composite number?
True
Is 85287883 prime?
False
Is 3903671 composite?
False
Is 40107911 a prime number?
True
Is 121524191 a composite number?
False
Is 217331 prime?
False
Is 21309571 a prime number?
True
Is 56191229 a composite number?
True
Is 298041 composite?
True
Is 6273341 a composite number?
True
Is 49412513 a composite number?
True
Is 139536391 composite?
True
Is 415469 composite?
False
Is 1278545 a prime number?
False
Is 4183945 prime?
False
Is 187425071 composite?
False
Is 134425663 composite?
False
Is 2896295 composite?
True
Is 13086733 prime?
False
Is 40561109 prime?
True
Is 1813039 prime?
True
Is 191914574 a composite number?
True
Is 3535109 a prime number?
False
Is 8182579 a composite number?
False
Is 1826257 a prime number?
True
Is 25883465 a prime number?
False
Is 511501 composite?
True
Is 2949851 composite?
True
Is 21792083 prime?
True
Is 2048107 prime?
True
Is 219577 composite?
False
Is 46961 composite?
True
Is 5501003 a prime number?
True
Is 17684453 prime?
True
Is 45907903 a prime number?
False
Is 537665467 a composite number?
False
Is 465503 prime?
False
Is 3455897 a composite number?
False
Is 85043407 a prime number?
True
Is 14127169 composite?
True
Is 568097 prime?
True
Is 486731255 prime?
False
Is 109387843 a prime number?
False
Is 1949299 a prime number?
False
Is 41694511 composite?
False
Is 8090399 a composite number?
True
Is 9056623 composite?
False
Is 6563957 prime?
True
Is 17868229 prime?
False
Is 1828369 prime?
False
Is 232225541 prime?
True
Is 91561973 a prime number?
False
Is 38509493 a prime number?
False
Is 13263851 a prime number?
True
Is 10617203 prime?
True
Is 214652407 a composite number?
False
Is 22159133 prime?
True
Is 56407739 composite?
False
Is 996865313 a composite number?
False
Is 72094343 composite?
True
Is 13600231 composite?
True
Is 311909687 a prime number?
False
Is 47839943 prime?
False
Is 305229791 a composite number?
False
Is 47939037 a prime number?
False
Is 91265861 a prime number?
False
Is 345647 a prime number?
True
Is 34177127 a prime number?
True
Is 19540991 prime?
False
Is 24999583 composite?
True
Is 48231137 prime?
False
Is 348836251 prime?
True
Is 20970049 a prime number?
True
Is 21169963 a prime number?
True
Is 1609843 composite?
False
Is 82003 composite?
False
Is 246182285 composite?
True
Is 1539521 a composite number?
False
Is 38828849 a prime number?
True
Is 9653243 a prime number?
True
Is 6706921 a prime number?
False
Is 13818254 prime?
False
Is 7716809 a prime number?
True
Is 696173 prime?
False
Is 270752003 prime?
False
Is 196743661 composite?
True
Is 496312529 a prime number?
True
Is 1008600027 a composite number?
True
Is 920729 a composite number?
False
Is 1124628423 composite?
True
Is 4914199 a composite number?
True
Is 915799 composite?
False
Is 5816639 prime?
True
Is 5595301 prime?
False
Is 884057 prime?
True
Is 16522733 a composite number?
False
Is 4051001 a prime number?
True
Is 1292887 prime?
True
Is 1601543 composite?
False
Is 9245209 a prime number?
False
Is 172239901 a prime number?
False
Is 3175813 a composite number?
True
Is 120349 composite?
False
Is 213385009 composite?
True
Is 2862053 composite?
True
Is 3861811 prime?
True
Is 19205479 a composite number?
True
Is 101340511 a prime number?
True
Is 51627377 a composite number?
True
Is 758241563 a composite number?
True
Is 218182231 a prime number?
True
Is 50179267 a prime number?
False
Is 72293653 a composite number?
False
Is 42011929 composite?
False
Is 65987497 composite?
False
Is 2465053 a prime number?
True
Is 410025929 composite?
False
Is 13736423 a prime number?
True
Is 140218963 a composite number?
False
Is 2999999 composite?
False
Is 43313363 a composite number?
True
Is 22762811 a composite number?
True
Is 10003601 composite?
False
Is 4791623 a prime number?
True
Is 3656165 prime?
False
Is 3484823 a prime number?
False
Is 9972427 a prime number?
False
Is 1121819 a prime number?
True
Is 36976747 prime?
True
Is 65537987 a prime number?
True
Is 79566493 prime?
False
Is 157217603 prime?
True
Is 59210089 prime?
True
Is 10355671 a prime number?
False
Is 45644279 a composite number?
False
Is 2260249 a prime number?
True
Is 7114793 a prime number?
False
Is 419278609 a prime number?
True
Is 884533 a prime number?
False
Is 25021793 composite?
False
Is 2282699 a composite number?
False
Is 7422659 a composite number?
True
Is 4582523 composite?
True
Is 10830607 composite?
False
Is 665616647 prime?
True
Is 51449381 a prime number?
True
Is 188966721 composite?
True
Is 28329823 a prime number?
True
Is 440527 prime?
True
Is 1888327 composite?
True
Is 110861 a composite number?
True
Is 3172373 prime?
False
Is 51798687 prime?
False
Is 9963397 composite?
True
Is 6403337 prime?
False
Is 2186087 a composite number?
False
Is 1570106 prime?
False
Is 1968711 prime?
False
Is 3805151 prime?
False
Is 450491 a prime number?
False
Is 835831 a prime number?
True
Is 94018835 composite?
True
Is 181989571 composite?
True
Is 458207 a prime number?
True
Is 35609923 prime?
True
Is 32464041 composite?
True
Is 48616639 composite?
True
Is 132607207 a composite number?
True
Is 64243511 prime?
False
Is 25128373 composite?
False
Is 3165829 a prime number?
True
Is 14342449 prime?
False
Is 34320233 composite?
False
Is 33485093 prime?
False
Is 710311573 prime?
True
Is 515652967 a prime number?
True
Is 71601473 a prime number?
False
Is 131643749 prime?
False
Is 1383469 prime?
False
Is 484339 prime?
True
Is 15347977 a composite number?
False
Is 471977183 composite?
False
Is 3283387 prime?
False
Is 18971081 prime?
False
Is 62764567 a composite number?
False
Is 402199 prime?
False
Is 5419901 composite?
True
Is 278671 a composite number?
False
Is 50005523 prime?
False
Is 26984981 a prime number?
True
Is 300873 a prime number?
False
Is 205410365 a prime number?
False
Is 9832399 a composite number?
False
Is 6322943 prime?
False
Is 102665 composite?
True
Is 19925771 prime?
False
Is 871568743 prime?
True
Is 8978687 composite?
False
Is 12800831 a composite number?
False
Is 186101609 a prime number?
False
Is 13634573 prime?
False
Is 2174573 composite?
False
Is 4114753 prime?
True
Is 615387 prime?
False
Is 40639609 composite?
False
Is 118559429 composite?
True
Is 24743741 composite?
True
Is 927215957 composite?
False
Is 260158861 a prime number?
False
Is 3341719 prime?
True
Is 1050887 composite?
False
Is 41566874 a composite number?
True
Is 9328569 prime?
False
Is 274661 a composite number?
False
Is 31960837 a composite number?
False
Is 27612463 a prime number?
False
Is 15237913 a composite number?
True
Is 110412277 a composite number?
True
Is 115293109 prime?
False
Is 893939 a prime number?
True
Is 54110197 a composite number?
False
Is 128196229 prime?
False
Is 1627323 a prime number?
False
Is 28858367 composite?
True
Is 1645629 a composite number?
True
Is 82489343 a composite number?
True
Is 313525361 a composite num